 digit of 30656?
6
What is the tens digit of 1125645?
4
What is the hundreds digit of 8134?
1
What is the hundreds digit of 6427?
4
What is the hundreds digit of 7424838?
8
What is the units digit of 7035313?
3
What is the units digit of 794895?
5
What is the hundred thousands digit of 319182?
3
What is the ten thousands digit of 716119?
1
What is the thousands digit of 59023?
9
What is the hundreds digit of 945523?
5
What is the tens digit of 11950502?
0
What is the units digit of 1421748?
8
What is the hundred thousands digit of 1487498?
4
What is the millions digit of 5480401?
5
What is the tens digit of 19483?
8
What is the hundred thousands digit of 1020181?
0
What is the ten thousands digit of 423437?
2
What is the thousands digit of 8541007?
1
What is the tens digit of 356339?
3
What is the hundreds digit of 427659?
6
What is the ten thousands digit of 206240?
0
What is the tens digit of 3697425?
2
What is the hundred thousands digit of 3547679?
5
What is the hundreds digit of 1530750?
7
What is the thousands digit of 65965?
5
What is the millions digit of 2004411?
2
What is the hundreds digit of 18278?
2
What is the tens digit of 271964?
6
What is the hundred thousands digit of 327707?
3
What is the units digit of 651426?
6
What is the tens digit of 394620?
2
What is the hundreds digit of 194378?
3
What is the millions digit of 24831834?
4
What is the hundreds digit of 3840830?
8
What is the hundreds digit of 6635?
6
What is the thousands digit of 6596336?
6
What is the hundred thousands digit of 6199535?
1
What is the ten thousands digit of 144972?
4
What is the millions digit of 3853944?
3
What is the units digit of 131210?
0
What is the ten thousands digit of 4591470?
9
What is the hundreds digit of 433027?
0
What is the hundreds digit of 7915693?
6
What is the hundreds digit of 226940?
9
What is the hundred thousands digit of 700158?
7
What is the millions digit of 1467338?
1
What is the units digit of 384290?
0
What is the units digit of 577259?
9
What is the ten thousands digit of 4162389?
6
What is the units digit of 839066?
6
What is the ten thousands digit of 756064?
5
What is the ten millions digit of 19232203?
1
What is the thousands digit of 45587?
5
What is the ten thousands digit of 3065808?
6
What is the tens digit of 18619168?
6
What is the hundred thousands digit of 614228?
6
What is the millions digit of 5073970?
5
What is the thousands digit of 3791986?
1
What is the units digit of 6200627?
7
What is the ten millions digit of 16262396?
1
What is the millions digit of 2682849?
2
What is the thousands digit of 994128?
4
What is the tens digit of 674642?
4
What is the thousands digit of 1377572?
7
What is the tens digit of 915837?
3
What is the millions digit of 8121738?
8
What is the units digit of 505513?
3
What is the tens digit of 84127?
2
What is the millions digit of 4885917?
4
What is the tens digit of 540750?
5
What is the thousands digit of 2719711?
9
What is the hundreds digit of 25448?
4
What is the ten thousands digit of 9410329?
1
What is the units digit of 1386332?
2
What is the hundred thousands digit of 19957264?
9
What is the tens digit of 259553?
5
What is the millions digit of 2353581?
2
What is the tens digit of 93652?
5
What is the hundred thousands digit of 2035659?
0
What is the tens digit of 962077?
7
What is the hundred thousands digit of 5307298?
3
What is the units digit of 1970914?
4
What is the ten thousands digit of 662454?
6
What is the hundreds digit of 355997?
9
What is the thousands digit of 3735646?
5
What is the millions digit of 1142899?
1
What is the tens digit of 209739?
3
What is the thousands digit of 4698931?
8
What is the hundreds digit of 1505?
5
What is the units digit of 4035220?
0
What is the millions digit of 18686540?
8
What is the hundreds digit of 4233190?
1
What is the hundred thousands digit of 163450?
1
What is the thousands digit of 9767640?
7
What is the hundred thousands digit of 21569789?
5
What is the hundreds digit of 71254?
2
What is the hundred thousands digit of 16066646?
0
What is the hundred thousands digit of 10144602?
1
What is the millions digit of 4710342?
4
What is the ten thousands digit of 3426194?
2
What is the tens digit of 329433?
3
What is the units digit of 85240?
0
What is the thousands digit of 119584?
9
What is the hundred thousands digit of 767780?
7
What is the tens digit of 1100235?
3
What is the tens digit of 581398?
9
What is the units digit of 64968?
8
What is the hundreds digit of 7868128?
1
What is the hundreds digit of 362500?
5
What is the tens digit of 3732285?
8
What is the tens digit of 515797?
9
What is the hundreds digit of 418161?
1
What is the tens digit of 257651?
5
What is the thousands digit of 22018505?
8
What is the thousands digit of 408649?
8
What is the hundreds digit of 1706064?
0
What is the ten thousands digit of 5017698?
1
What is the hundreds digit of 77180?
1
What is the ten thousands digit of 2800922?
0
What is the thousands digit of 602802?
2
What is the units digit of 2236994?
4
What is the units digit of 1654551?
1
What is the thousands digit of 228860?
8
What is the hundreds digit of 5184626?
6
What is the hundreds digit of 12751624?
6
What is the thousands digit of 1386129?
6
What is the ten thousands digit of 570985?
7
What is the thousands digit of 9380306?
0
What is the units digit of 142285?
5
What is the tens digit of 491011?
1
What is the tens digit of 2557814?
1
What is the tens digit of 1564?
6
What is the ten thousands digit of 3991540?
9
What is the tens digit of 3978008?
0
What is the tens digit of 5269906?
0
What is the hundreds digit of 128660?
6
What is the millions digit of 1133556?
1
What is the ten thousands digit of 803034?
0
What is the thousands digit of 1276382?
6
What is the hundreds digit of 20604508?
5
What is the hundred thousands digit of 8023836?
0
What is the hundred thousands digit of 291523?
2
What is the hundred thousands digit of 15673771?
6
What is the thousands digit of 413311?
3
What is the tens digit of 7417944?
4
What is the thousands digit of 1040304?
0
What is the thousands digit of 155667?
5
What is the hundred thousands digit of 8584274?
5
What is the ten thousands digit of 366677?
6
What is the hundred thousands digit of 1460416?
4
What is the units digit of 161743?
3
What is the hundred thousands digit of 13641282?
6
What is the millions digit of 16194224?
6
What is the hundreds digit of 5644768?
7
What is the ten thousands digit of 17662?
1
What is the units digit of 19349366?
6
What is the hundreds digit of 6409586?
5
What is the tens digit of 224721?
2
What is the hundred thousands digit of 972549?
9
What is the tens digit of 368659?
5
What is the tens digit of 1689819?
1
What is the hundred thousands digit of 239916?
2
What is the hundreds digit of 15359211?
2
What is the units digit of 1147363?
3
What is the hundred thousands digit of 468388?
4
What is the units digit of 4956188?
8
What is the ten thousands digit of 1265645?
6
What is the tens digit of 397273?
7
What is the hundreds digit of 817232?
2
What is the hundred thousands digit of 108039?
1
What is the hundreds digit of 161659?
6
What is the hundreds digit of 1699?
6
What is the hundreds digit of 332005?
0
What is the hundreds digit of 3095240?
2
What is the thousands digit of 3607606?
7
What is the hundred thousands digit of 2441275?
4
What is the hundred thousands digit of 2439835?
4
What is the hundreds digit of 2082972?
9
What is the units digit of 4266394?
4
What is the units digit of 103067?
7
What is the ten thousands digit of 147586?
4
What is the tens digit of 476829?
2
What is the ten thousands digit of 3206720?
0
What is the hundreds digit of 193500?
5
What is the ten thousands digit of 26335260?
3
What is the thousands digit of 1327347?
7
What is the ten thousands digit of 746705?
4
What is the thousands digit of 21129?
1
What is the hundreds digit of 30119836?
8
What is the thousands digit of 928221?
8
What is the units digit of 24394720?
0
What is the units digit of 63392?
2
What is the hundred thousands digit of 486414?
4
What is the ten thousands digit of 259483?
5
What is the units digit of 504899?
9
What is the tens digit of 1211949?
4
What is the units digit of 2496761?
1
Wha